
What is -6 + 28 + -6 + -8?
8
What is the value of 9 + (3 - -2 - 4) + -14?
-4
(-16 - -5 - 5) + 23
7
What is the value of -145 + 148 - (-2 + -2 + 1 - 0)?
6
Calculate -1 + 3 + 0 + 0 + -2.
0
What is 37 + (-37 - (3 - -35))?
-38
What is -1 + -1 - (-16 - -26) - -3?
-9
What is -3 + (32 - 30) + (-1 - 1) - -3?
0
What is the value of -13 + -5 - ((1 - 8) + 8)?
-19
Calculate -68 - (-39 - 21 - -22).
-30
Evaluate 7 - (4 + (0 - (7 + 1))).
11
Calculate -9 + 30 + -13 + -7 + 20.
21
-3 - (2 + (-10 + 2 + 2 - -6))
-5
What is the value of -29 - (-9 + -4) - (-1 - 5)?
-10
(16 - 40 - 19) + 78
35
What is the value of 9 + (2 - (-29 - -32 - (1 + 0)))?
9
10 + (5 - -6) + -31
-10
(0 - 4) + (-4 + 3 + -2 - -1)
-6
(2 + 17 + -8 + -16 - 6) + 15
4
Calculate -21 - -30 - 33 - -27.
3
What is -13 + 23 + 1 - 24?
-13
What is the value of -30 + (-9 - -14) + 10?
-15
(9 - (2 - 1)) + 64 + -61
11
What is -9 + (5 - (2 - 7)) - (-15 - 0)?
16
Evaluate 3 + (42 - 20 - 14) - (35 - -2).
-26
9 + -3 - 3 - 4 - (2 - 0)
-3
(251 - 249) + (-1 - 8)
-7
What is 7 - (3 - (5 + -1) - (-18 - -24))?
14
What is -21 + 15 + -6 + 3?
-9
What is the value of ((8 - -1) + -10 - 10) + 32?
21
(14 - (2 + (23 - 9))) + -21 + 1
-22
Calculate 13 + (-2 - (7 - -16)).
-12
Evaluate 16 + -3 + 4 + (9 - 17).
9
(9 - 2) + 35 + -44
-2
What is -258 + 308 - (39 + -4)?
15
What is (12 - -1) + (-725 - -733)?
21
What is the value of -37 + 49 + 3 + -2 + -28?
-15
0 + 9 + (-11 - -3) + 6 + -5
2
What is the value of 1 + -16 - (-425 - -425) - (3 - 1)?
-17
Calculate -27 + 16 - 8 - -14.
-5
What is (8 - (4 - 10)) + (-3 - 1)?
10
What is -1 + 0 + -70 + 20 + 35?
-16
Calculate 1 + (2 - -9) - 15 - -6.
3
9 + -1 + (15 + (18 - 32) - -6)
15
What is the value of -8 + 31 + 15 + -22?
16
Calculate -8 + -47 + 65 + -29.
-19
Evaluate -4 + -3 + 6 + -8 + 4.
-5
(6 - 17) + (-15 - -4 - 1) + 5
-18
What is -8 + 8 + -13 + 0 + 2?
-11
What is 1 + (11 - 0 - ((-8 - -46) + -19))?
-7
What is (12 - -4) + (-12 - (-15 + -12))?
31
What is the value of -26 + 2 + 9 + 5 + 12?
2
Calculate (3 + (-9 - -6) - 9) + 8.
-1
-24 + (12 - (19 + -5)) + 1
-25
Evaluate -41 + 33 + 4 - (-1 + -4).
1
-3 + 8 + -4 - (39 - 33)
-5
Evaluate 4 - (-20 + -23 + 27).
20
What is the value of 3 - 1 - (-811 - -813)?
0
Evaluate (18 - 5) + 3 + -7.
9
What is the value of (4 - 9) + -12 + 7 + 9?
-1
What is the value of -14 + 1 - (70 + -78) - -3?
-2
What is (14 - 10 - (1 - 5)) + 55 + -49?
14
Calculate 20 - (10 - (-4 - 13)).
-7
3 - (1 + -14 - (-7 + 2 - 2))
9
Calculate -39 - (-3 + 9 - 34).
-11
Calculate (-3 + 2 - 11) + 5.
-7
What is (-9 - (5 + 3 + (2 - 17))) + -8?
-10
What is the value of -8 + (-12 - -6 - -7) - 3?
-10
What is (4 - 52) + (26 - 2)?
-24
Evaluate (-6 - 0) + (16 + -12 - 16).
-18
Evaluate 160 - 136 - (8 - (-4 - (3 + -4))).
13
Calculate ((-4 - -6) + -6 + 9 - 7) + -36.
-38
Evaluate -4 + (-2 - -8) - (-149 - -143).
8
-2 - -9 - (11 - (7 - 5) - -8)
-10
What is 20 - (-12 + (18 - -17))?
-3
Calculate 17 + 1 + -1 + 5 + -5.
17
What is the value of -7 + (-8 - -6) + 16?
7
Evaluate -10 + 9 - (-18 + 2 - (-3 + 1)).
13
What is the value of (7 + -8 - (3 - 6 - -15)) + 6?
-7
Evaluate -1 - ((15 + -8 - 10) + 1).
1
What is the value of -102 + 107 + (1 + -1 - -2 - 20)?
-13
-16 + (5 - (-4 + 3) - -3)
-7
Evaluate (5 - -34) + (-98 - -67).
8
-6 + 22 + -6 + -3
7
Calculate 4 + (32 - 33) + (0 - -3 - 17).
-11
-19 + 24 + (1 - (-4 - -2))
8
Evaluate -3 + 6 + (12 - 27).
-12
What is the value of 56 + (183 + -164 - (-1 + 40))?
36
Calculate -18 + (22 - 19) + -4 + 3 + -5.
-21
What is the value of -3 - (-4 - (-11 + 8))?
-2
What is the value of -21 + 63 + -36 + -33?
-27
(9 - (-8 - -15)) + -4 + 1 + -8
-9
158 - 148 - (-33 + 4 - -7)
32
(-1 - 0) + -17 - (-27 - -17)
-8
What is (1 - 4) + (1 + 8 + -10 - 9)?
-13
Evaluate (-2 + (6 - 0) - 5) + -3 + -6.
-10
What is the value of (-8 - -11) + -7 + -14 + 3?
-15
What is the value of -10 + (-8 - -19) - (10 + -5)?
-4
-9 + (-2 + -9 + 10 - -17)
7
(5 - 0 - -24) + -37
-8
What is 3 - (-7 + 3 + 4 + 12)?
-9
What is -1 + (-28 + 6 - -6) + 6?
-11
What is the value of 3 + -27 + 21 + 8?
5
What is the value of -2 - -1 - (9 + -5 - 12)?
7
What is the value of 1 - ((-50 - -46) + -1 + -1)?
7
What is -13 + -7 + -1 + -4 + 12 + -9?
-22
What is the value of (-113 + -42 - -159) + (2 - (1 + -2))?
7
3 + -1 + (124 - 137)
-11
Evaluate -17 - (-6 - -1) - (-10 + 5 - -8).
-15
(-5 - (6 - 2)) + 19
10
Calculate (1 + -23 - (-3 - 6)) + -5.
-18
What is 1 + (-22 + 7 - -11)?
-3
Calculate 7 - 13 - (11 - 0) - 12.
-29
What is the value of 42 - (21 + 2 + 18)?
1
-15 + 15 + -18 + 4
-14
What is the value of (-19 - -8 - -2) + 7?
-2
Calculate 18 - (14 - (5 - -4 - 3)).
10
1 + -7 - (1 - 15) - 7
1
7 - (28 + -26 + -2 + 10) - -4
1
Calculate (-2 + 0 - -9) + -70 + 56 + 9.
2
What is the value of -10 + -3 + 4 + 11 + -24 - -7?
-15
What is (29 - -17) + -32 - (8 + 1) - -15?
20
Evaluate -32 + 28 + 44 + -30.
10
Calculate 3 - 2 - (-5 - (5 - 5)).
6
Calculate (0 + 1 - (14 + -4)) + -6.
-15
-10 - (-1 + 1 + -6 + 1 + 2)
-7
What is the value of (-9 - (13 + -56)) + -19 + -45?
-30
119 + -131 + (-1 - -20)
7
Evaluate -18 - 0 - (23 + -25 + 5 + -7).
-14
Calculate -19 + (8 - -28) + -2.
15
(2 - -2) + (-159 - -145)
-10
Calculate 6 - (3 - ((1 + 3 - -4) + 1)).
12
What is -3 + (-5 - (-2 - -13))?
-19
Calculate 54 - 51 - (15 + 5 + -10).
-7
Evaluate -2 + (1 - (1 + -9)) + -13 + -3.
-9
Calculate 3 + 10 + 3 + 7 + -14.
9
Evaluate (20 - 13 - 26) + -14.
-33
Evaluate 0 + -2 - (21 + 18 + -27).
-14
What is the value of -77 + 62 - (-1 - -1)?
-15
Evaluate -1 - (-23 + 12 + -21).
31
Calculate -3 - -1 - (3 + -16 + -3).
14
What is -12 - -1 - (1 - (11 - 5)) - 7?
-13
Evaluate 5 - ((-4 - -6) + -5 + 7).
1
1 - (-3 - -3) - (38 + -22)
-15
What is 1 + 2 - (13 - (-82 - -91))?
-1
What is (-14 + 10 - -18) + -12?
2
What is (-7 - -3) + 2 - (5 + -9)?
2
Evaluate (9 - 26) + (-15 - -9 - -11).
-12
What is the value of 15 + -8 + 2 + (-1 - -1 - -1)?
10
15 + -4 - 14 - (-2 + 5)
-6
-7 + 12 + (9 - 6)
8
Evaluate (-2 + 11 - -4) + (-8 - -8) + -7.
6
Calculate (-1 + 13 - 4) + 1.
9
What is the value of 4 + (5 - 10) + 2 - 6 - -20?
15
Evaluate 20 + -25 + (27 - 32).
-10
What is the value of 29 + 11 + -14 - 10 - (1 + 3)?
12
Calculate 0 + -5 - (24 + -24 + -1) - -38.
34
What is the value of 14 + -15 - (24 - 16)?
-9
What is -3 + -4 - (-8 + 1 - -8) - 11?
-19
What is 8 + -8 - -7 - (-1 - -13)?
-5
What is the value of (4 + -30 - 2) + 4?
-24
Evaluate -33 - -11 - -21 - -18.
17
What is -4 + (-11 - (13 - 33))?
5
What is (68 - (101 - -19)) + 1 + 13?
-38
Calculate 48 - (23 - (6 - (-19 + 18))).
32
Evaluate 14 + (23 - (1 - -16)) + -14.
6
Evaluate 151 - 166 - ((-54 - 0) + 0).
39
6 + -3 + (-22 - -6)
-13
Evaluate 8 - (24 - 17 - (1 - 0)) - 8.
-6
Evaluate 11 + (9 - 12) - (-3 + 3 + 1).
7
What is the value of 1 + (-3 - 17) + 37?
18
Calculate 14 + -24 - (8 + -16 - -16).
-18
(-25 - -21) + (0 - (-4 - -13))
-13
What is the value of 6 - 26 - (-18 - -8)?
-10
What is -7 + (18 - -4 - 6) + (8 - -7)?
24
What is the value of 15 + -1 + -7 + 7 + (0 - -1)?
15
What is 28 - (9 + 6) - (7 - -2)?
4
Calculate -96 - -99 - (-1 + 7 + 2 + -1).
-4
What is -67 - -67 - (1 + -1) - 10?
-10
What is (20 - 26) + (14 - 37)?
-29
What is (20 - -1) + (-5 - (11 + -5)) + 3?
13
Evaluate (-28 - -32) + -18 - (0 - 0).
-14
Calculate (2 - (-5 + (8 - (-1 + -3)))) + -1.
-6
Evaluate 11 + (11 - 23) + -5.
-6
What is 0 + 0 + (-21 + 13 - 11)?
-19
What is the value of (-18 - (-6 + -1)) + 0 + 9?
-2
Calculate 27 + -27 + 34 + -27.
7
Calculate -1 + (-9 - (1 + 10 + -11)) - -33.
23
What is the value of -22 - (0 - (-14 + 6 - -12))?
-18
What is the value of 1 + (-9 + (9 - 6) + -2 - 6)?
-13
What is (219 - 229) + (12 - -1) + -10 + 6?
-1
Evaluate (12 - (10 + 7 + -3)) + 12.
10
Evaluate (11 - (8 + 0 + 1)) + -6 + 11.
7
Calculate (-16 - -36) + -4 + 12 + -2.
26
Calculate 65 + -46 - (27 + 8).
-16
(-6 - (-6 - 9)) + -9
0
Calculate (-11 + -2 - (1 + -14 + 16)) + 8.
-8
Evaluate 22 + (-9 - -1) - 28.
-14
What is 24 + -17 + (4 - 5 - -1) + 8?
15
What is -20 - (-9 + -2 + -15) - (-11 - 0)?
17
What is (3 - 5) + -7 - (8 - (16 + -4))?
-5
Evaluate -5 - (-23 - (-23 - 0)).
-5
(1 - 14) + -7 - (6 + -6)
-20
16 + -1 - (1 + -4 + 32 + -25)
11
Calculate -1 - -6 - ((-23 - -24) + -12 - -32).
-16
-7 + (0 - 2) + 4 + -1 + 13
7
(-7 - -9 - (0 + 3)) + 0
-1
Calculate -1 + 6 + (-22 - -3 - (12 - 14)).
-12
What is -214 + 237 + (2 - 39)?
-14
Calculate 0 + 10 + -8 + 26 + (-6 - 